 composite?
True
Is 19547 composite?
True
Is 5137 composite?
True
Is 1163873 a prime number?
True
Is 34147 a composite number?
False
Is 138661 prime?
True
Is 32743 a composite number?
True
Is 1973 prime?
True
Is 2518 prime?
False
Is 112817 a prime number?
False
Is 2795809 a composite number?
False
Is 517898 prime?
False
Is 1729813 a prime number?
True
Is 11035 a composite number?
True
Is 7913 prime?
False
Is 651389 a prime number?
False
Is 824433 composite?
True
Is 13231 a prime number?
False
Is 17033 a composite number?
False
Is 502807 prime?
True
Is 54227 prime?
False
Is 114407 a prime number?
True
Is 76661 a composite number?
True
Is 2819 a composite number?
False
Is 29653 a prime number?
False
Is 249217 a prime number?
True
Is 40706 composite?
True
Is 6927 a prime number?
False
Is 252709 composite?
False
Is 74797 composite?
False
Is 6613 composite?
True
Is 102911 a composite number?
False
Is 376097 prime?
True
Is 26539 a composite number?
False
Is 352123 a prime number?
True
Is 806621 a composite number?
True
Is 13341 a composite number?
True
Is 76283 prime?
True
Is 1859905 composite?
True
Is 117497 a composite number?
False
Is 10973 a prime number?
True
Is 44143 composite?
True
Is 5027 prime?
False
Is 18035 prime?
False
Is 621721 a prime number?
True
Is 4837405 composite?
True
Is 164497 composite?
True
Is 6227 a prime number?
False
Is 16706 prime?
False
Is 287411 a prime number?
False
Is 1649 a prime number?
False
Is 519 composite?
True
Is 260339 composite?
False
Is 1710091 a prime number?
True
Is 487 a composite number?
False
Is 8751 prime?
False
Is 202646 a prime number?
False
Is 30679 prime?
False
Is 394409 prime?
True
Is 797539 a prime number?
True
Is 6187 composite?
True
Is 25183 a composite number?
False
Is 41281 a prime number?
True
Is 9239 a prime number?
True
Is 14163 a composite number?
True
Is 3067 a composite number?
False
Is 18958 a prime number?
False
Is 9643 a prime number?
True
Is 703 composite?
True
Is 4871 prime?
True
Is 3433 prime?
True
Is 28439 prime?
True
Is 178147 prime?
False
Is 85733 composite?
False
Is 20279 composite?
True
Is 130927 prime?
True
Is 91123 composite?
True
Is 1169 composite?
True
Is 24901 a composite number?
True
Is 2819 composite?
False
Is 35653 composite?
True
Is 29303 composite?
False
Is 27289 a prime number?
False
Is 97187 prime?
True
Is 38 a composite number?
True
Is 5261 composite?
False
Is 35729 a composite number?
False
Is 103913 prime?
True
Is 32738 a composite number?
True
Is 264949 prime?
True
Is 2699 a prime number?
True
Is 360559 prime?
False
Is 1907545 a composite number?
True
Is 214883 prime?
True
Is 382021 composite?
False
Is 10961 a composite number?
True
Is 13523 composite?
False
Is 1367 composite?
False
Is 47578 a prime number?
False
Is 850607 a prime number?
False
Is 2179 a prime number?
True
Is 33961 prime?
True
Is 482197 composite?
True
Is 1329 prime?
False
Is 6144481 composite?
True
Is 726521 composite?
False
Is 185947 composite?
False
Is 7037 a prime number?
False
Is 139691 prime?
False
Is 7903 composite?
True
Is 246769 a prime number?
True
Is 5479 composite?
False
Is 290257 a composite number?
True
Is 857765 a prime number?
False
Is 1931 composite?
False
Is 245107 prime?
True
Is 118343 a composite number?
False
Is 30001 composite?
True
Is 42037 a prime number?
False
Is 85987 a composite number?
True
Is 1187 a composite number?
False
Is 3247 a prime number?
False
Is 2449429 prime?
False
Is 125453 a prime number?
True
Is 6731 a prime number?
False
Is 90299 a prime number?
False
Is 21713 prime?
True
Is 1585 composite?
True
Is 74123 a prime number?
False
Is 33749 composite?
False
Is 3989 composite?
False
Is 23795 composite?
True
Is 15783 a prime number?
False
Is 1358471 a prime number?
True
Is 215531 a composite number?
False
Is 37189 composite?
False
Is 8353 a prime number?
True
Is 60517 a prime number?
False
Is 69 prime?
False
Is 123649 prime?
False
Is 26 a composite number?
True
Is 23151 a prime number?
False
Is 2833 a prime number?
True
Is 245171 a composite number?
False
Is 629597 prime?
False
Is 8539 a prime number?
True
Is 3989 composite?
False
Is 81211 a prime number?
False
Is 252583 composite?
False
Is 42767 a composite number?
False
Is 7207 prime?
True
Is 39293 a composite number?
False
Is 11569 composite?
True
Is 39209 prime?
True
Is 991409 a prime number?
True
Is 6937 prime?
False
Is 78877 prime?
True
Is 186377 prime?
True
Is 9871 prime?
True
Is 21767 a composite number?
False
Is 15537 prime?
False
Is 29215 a prime number?
False
Is 2323 composite?
True
Is 23737 a prime number?
False
Is 27131 a composite number?
True
Is 1681 composite?
True
Is 1824145 prime?
False
Is 342811 a prime number?
False
Is 67741 composite?
False
Is 5839 a prime number?
True
Is 15683 a composite number?
False
Is 41815 a composite number?
True
Is 42469 composite?
True
Is 189235 a composite number?
True
Is 1465 prime?
False
Is 31201 a prime number?
False
Is 646563 a prime number?
False
Is 54751 a composite number?
False
Is 83653 a composite number?
False
Is 4759 a prime number?
True
Is 2813 composite?
True
Is 154123 prime?
False
Is 1657 prime?
True
Is 70529 a prime number?
True
Is 6371 a composite number?
True
Is 1022797 a prime number?
True
Is 176903 composite?
False
Is 1069 a prime number?
True
Is 138707 prime?
False
Is 2079937 composite?
False
Is 56621 a prime number?
False
Is 271333 a prime number?
True
Is 47381 composite?
False
Is 2813 a composite number?
True
Is 34123 composite?
False
Is 5347 a prime number?
True
Is 407059 prime?
True
Is 118957 composite?
True
Is 6697 composite?
True
Is 30631 a composite number?
False
Is 120811 a composite number?
False
Is 67739 prime?
False
Is 17513 composite?
True
Is 4987 prime?
True
Is 32117 prime?
True
Is 14137 a prime number?
False
Is 551107 prime?
True
Is 264283 prime?
True
Is 293957 prime?
True
Is 149749 a prime number?
True
Is 166013 a prime number?
True
Is 439 a composite number?
False
Is 5147 prime?
True
Is 505013 prime?
False
Is 2328251 composite?
False
Is 21283 a prime number?
True
Is 39082 prime?
False
Is 467219 a prime number?
False
Is 133349 a prime number?
True
Is 7411 prime?
True
Is 29661 prime?
False
Is 339659 a prime number?
True
Is 92551 prime?
True
Is 20471 composite?
True
Is 7639 composite?
False
Is 10977 composite?
True
Is 46499 composite?
False
Is 26867 prime?
False
Is 1136323 composite?
True
Is 32847 a composite number?
True
Is 76321 prime?
False
Is 1514833 prime?
False
Is 41693 a composite number?
True
Is 122377 a composite number?
True
Is 14107 a prime number?
True
Is 30749 composite?
True
Is 1083307 prime?
True
Is 240539 prime?
False
Is 4201 composite?
False
Is 1693 a prime number?
True
Is 191587 composite?
True
Is 321101 a prime number?
False
Is 43853 prime?
True
Is 2053 composite?
False
Is 41879 composite?
False
Is 24197 a composite number?
False
Is 709 a prime number?
True
Is 30787 a prime number?
False
Is 53671 a prime number?
False
Is 1046447 a prime number?
True
Is 425389 a prime number?
False
Is 10973 prime?
True
Is 23719 prime?
True
Is 910531 composite?
True
Is 733 a prime number?
True
Is 18773 composite?
False
Is 249523 a composite number?
True
Is 76231 a composite number?
False
Is 679 a prime number?
False
Is 156121 prime?
False
Is 23641 a composite number?
True
Is 7977 a composite number?
True
Is 103799 a composite number?
True
Is 892733 prime?
True
Is 202453 a prime number?
False
Is 896627 a composite number?
True
Is 515 prime?
False
Is 197179 prime?
False
Is 25613 a prime number?
False
Is 33895 a composite number?
True
Is 147701 a composite number?
True
Is 267123 a prime number?
False
Is 291553 a prime number?
False
Is 2246 composite?
True
Is 1921 a prime number?
False
Is 38543 a prime number?
True
Is 28505 a composite number?
True
Is 21833 composite?
True
Is 428033 a composite number?
False
Is 3953 a prime number?
False
Is 1753139 a composite number?
False
Is 34123 a composite number?
False
Is 388587 a prime number?
False
Is 46337 composite?
False
Is 508619 prime?
True
Is 233027 composite?
True
Is 645131 prime?
True
Is 4714495 composite?
True
Is 42977 composite?
True
Is 66841 a prime number?
True
Is 271907 prime?
False
Is 13567 prime?
True
Is 23209 composite?
False
Is 291659 a prime number?
False
Is 37585 compo